e 36*z = 32*z - 140. Let y be 2/5 - 1456/z. Suppose h = 3*h - y. Calculate the highest common divisor of 3 and h.
3
Let o(h) = -h**2 + 39*h - 71. Let s be o(36). Suppose -s*p + 32*p = -5. What is the highest common factor of 5 and p?
1
Let p = -108 - -43. Let h = p + 123. Suppose 3*d - 5*u = 26, -4*u + h = 4*d + u. Calculate the greatest common factor of 84 and d.
12
Let z(s) = -s + 8. Let i be z(-7). Let c be 2/(-6) + 1524/36. Let a be (c/7)/(1 - 0). Calculate the highest common divisor of i and a.
3
Suppose 19*i + 46*i = 49400. What is the greatest common factor of i and 38?
38
Let t(g) = 114*g - 18. Suppose -3*i - 57 + 60 = 0. Let y be t(i). Calculate the highest common divisor of 48 and y.
48
Suppose 2*f - 43 = -5*w + 127, 0 = 2*w - f - 59. What is the greatest common factor of w and 40?
8
Let g = 874 + -868. Suppose -24*a + 90 = -14*a. Calculate the greatest common divisor of a and g.
3
Let q(u) = u**2 + 8*u - 3. Let t be q(-8). Let m be (9 - t)*(-3)/(-12). Suppose 0 = -m*a + 2*a + 64. Calculate the highest common factor of 8 and a.
8
Let j = -10120 - -10288. What is the highest common factor of 5292 and j?
84
Suppose 5*a - 10 = -4*n - 2, 0 = 5*n + a + 11. Let l = 14 - n. Suppose -12*d + 95 + 313 = 0. Calculate the greatest common divisor of l and d.
17
Let m(n) = n**2 - 12*n + 28. Let p be m(9). Suppose a - 17 = -p. Let z = -5 + a. Calculate the highest common factor of 33 and z.
11
Let r(v) = 125*v**2 - 2*v. Let y(l) = -l**2 + 2*l + 1. Let q be y(2). Let h be r(q). Suppose -8*p + h = -21. What is the highest common factor of 3 and p?
3
Let t be (-7 + -2 - -7)*5*-1. Let k be (11 - 0)/((5/t)/1). Suppose h - 44 = 2*n + 29, -233 = -3*h - n. Calculate the highest common factor of k and h.
11
Let o(z) = -z + 3. Let m be o(1). Suppose 15*p - m*p = 0. Suppose 5*b = p, 4*q - 37 = 5*b + 19. What is the greatest common factor of q and 56?
14
Let j = -712 - -1226. Let w = j + -276. Calculate the highest common divisor of 14 and w.
14
Let g = -65 + -113. Let c = 553 + g. What is the highest common factor of 30 and c?
15
Let t(x) = -3*x**2 + 64*x - 17. Let m be t(12). Let v = m + -109. What is the greatest common divisor of v and 70?
70
Suppose -i + 4 = 1, -4*b - 4*i + 44 = 0. Let h be (-1 - 1) + 2 + -2 + 578. Suppose b*m - h = -m. Calculate the greatest common divisor of m and 8.
8
Let m = -3470 - -3580. What is the highest common divisor of 11550 and m?
110
Let s = 88 - 34. Suppose 235*d - 2 = -2*l + 233*d, -2*d = -l + 4. What is the highest common factor of l and s?
2
Let w be (-25)/(-20) - (-7736)/32. Let g(q) = -8*q**2 - 67*q - 15. Let v be g(-8). Calculate the greatest common divisor of v and w.
9
Let m = 37 - 37. Suppose m = 5*s + 12 - 27. Suppose 0 = s*r - 2*i - 3*i - 63, 2*i + 54 = 3*r. What is the highest common factor of r and 16?
16
Let w = 134 - -81. Suppose -2*u + p = -115, -4*u + 2*p = -3*p - w. Let y(c) = c**2 + 25*c + 58. Let m be y(-23). What is the greatest common divisor of m and u?
12
Let q = 443 + -503. Let h be q + 100 - 6*(-1)/(-1). Calculate the greatest common divisor of h and 578.
34
Let t be 9*(-5 - -4)/(1 - (-50)/(-35)). Calculate the highest common factor of t and 441.
21
Suppose 21*x = 17*x, 3*m + 2*x = 2952. Suppose -m = -4*i + u - 280, 3*i = -4*u + 509. What is the highest common factor of i and 50?
25
Let v(k) = -k**2. Let l(a) = a**3 - 10*a**2 - 3*a + 26. Let h(y) = -l(y) + 2*v(y). Let z be h(7). Calculate the highest common factor of z and 110.
22
Suppose 3*l + 19*a - 190 = 23*a, -166 = -3*l - 2*a. What is the greatest common divisor of l and 6467?
29
Let p = 77 + -128. Let o = p + 87. Suppose 8*c + 16*c - 864 = 6*c. What is the highest common factor of o and c?
12
Let r be 1/3 + 166/(-3) + 1. Let q = -38 - r. Suppose 3 - q = -2*s - 5*f, -5*s + 5*f + 15 = 0. Calculate the greatest common factor of 12 and s.
4
Suppose -k - 5*x + 21 = 0, 10*x = k + 9*x + 9. Let u be 2 + (12/k - -9). Calculate the greatest common divisor of u and 88.
8
Let a = 63 - 11. Suppose -6 - 50 = -14*g. Let s(x) = x**2 - 5*x + 17. Let c be s(g). Calculate the greatest common factor of a and c.
13
Let q(s) = s**3 - 6*s**2 + 6*s. Let m be q(3). Let v(h) = 4*h + 46. Let t be v(m). Calculate the highest common divisor of t and 470.
10
Let k(d) = 8*d**2 + 35*d + 47. Let a be k(-11). Calculate the greatest common factor of 455 and a.
35
Let r be -10*(-3)/(-9)*(-756)/90. Let t be r - -31 - (0 - 7). What is the greatest common divisor of 363 and t?
33
Let p = -24757 + 40363. Calculate the highest common factor of 17 and p.
17
Let s be (1*(1 - 12))/(24/(-216)). Calculate the greatest common factor of s and 275.
11
Let k(u) = -43*u + 520. Let f be k(0). Calculate the greatest common divisor of 200 and f.
40
Let d be 4/(-34 - -2) + (-31815)/(-504). What is the highest common divisor of d and 1449?
63
Let v be (674 + -672)/(0 + (2 - 4)/(-174)). Calculate the highest common factor of v and 132.
6
Let j(p) = -p**2 + 53*p + 32. Let k be j(52). What is the greatest common divisor of k and 116?
4
Let c = -617 - -633. Let j = -18 + 21. Suppose -143 = -2*v + j*m, 3*v - 143 - 39 = -2*m. Calculate the highest common factor of v and c.
16
Let u(l) = 0*l + 6 - 2*l + 2*l - l**2 + l. Let f be u(0). Suppose -f*h = -545 - 127. Calculate the greatest common divisor of h and 16.
16
Suppose 5*t - 2*g - 2493 = 0, -2*t - 3*t + g = -2494. Suppose -3*n + t = -92. Let o = 28 + n. Calculate the highest common factor of 25 and o.
25
Let q = 497 + -378. Let s = -83 + q. Calculate the greatest common divisor of 132 and s.
12
Suppose 0 = 8*k - 7*k - 2. Suppose -3*d = k*y - 9, -y = 3*d + d - 12. Let n be 2 - (3 - (d - -273)). Calculate the highest common factor of 25 and n.
25
Suppose 0 = -h + 2*y - 9, 2*h = -y - 23. Let o = h + 21. Let l be (5/o)/(1/18). Calculate the greatest common divisor of l and 3.
3
Suppose -112 = -5*l - 2*b, l = 4*b + 376 - 380. What is the greatest common divisor of 64 and l?
4
Let d = 111 + -108. Suppose d*v = t - 22 - 5, -130 = -4*t + v. What is the greatest common divisor of t and 22?
11
Let t = -699 - -3247. What is the highest common divisor of t and 2002?
182
Suppose -i - 5*u = -52, -113 - 5 = -4*i - 2*u. What is the greatest common divisor of 1413 and i?
9
Let u(h) = -15*h - 506. Let s(v) = -8*v - 252. Let c(n) = 7*s(n) - 3*u(n). Let m be c(-24). What is the highest common divisor of m and 270?
18
Let c = -1473 + 2278. Suppose -2523 = -6*n - 2313. What is the highest common factor of n and c?
35
Suppose -4*y - 7*w + 50 = -9*w, 4*y - 53 = -w. Calculate the highest common divisor of y and 637.
13
Let r be (24/384*-8)/((-2)/20000). What is the greatest common factor of 8 and r?
8
Suppose 3*c - 72 = -5*l + 15, 3*c + 3 = l. Let f = -42 - -67. Calculate the highest common factor of f and l.
5
Let h(v) = 9*v - 24. Let p be h(7). Let l = p + -33. Suppose 8 = j + j - 2*g, -5*g = 5*j. Calculate the greatest common factor of l and j.
2
Let v(p) = 138*p**2 + 2*p - 1. Let m be v(-1). Let r = m - 129. Suppose r*l - 13*l = -2772. Calculate the highest common factor of l and 36.
36
Let y(l) = l**3 + 30*l**2 - 22*l - 726. Let h be y(-23). What is the highest common divisor of h and 243?
81
Let n(s) = -2*s**2 + 11*s + 3*s**2 - 2*s - 28 + s**3 + 6*s + 14*s**2. Let a be n(-13). Calculate the highest common divisor of a and 161.
23
Let g be -6*5/(-60) - (-3)/2. Suppose -g*y + 1900 = -3*v, y - 2*v = 3*y - 1900. Let q be y/(-75)*(-3)/2. What is the greatest common divisor of 152 and q?
19
Suppose -95 = -i - 72. What is the highest common factor of 29693 and i?
23
Let g be 1 + ((-4)/(-6))/((-4)/6). Suppose 5*z + y - 48 = 0, -2*z + g*z = 2*y - 16. Suppose -q + 46 = -z. What is the greatest common divisor of q and 8?
8
Suppose 4*w - 996 = 2*i, 0 = 2*i + 3*i + 10. Let q be 9/15 + w/(-5). Let s be ((-20)/7)/(-1 - 35/q). What is the highest common factor of s and 4?
2
Suppose 5*x - 52 = -4*r, -3*x - 102 = -0*r - 5*r. Suppose 5*z - 1 = 4*t, -2*z - 5 = -3*z. What is the greatest common divisor of r and t?
6
Let k(n) = -2*n**2 + 24. Let x be k(0). Suppose 0 = 90*j - 87*j - 1404. Suppose 14*g + 48 = j. Calculate the greatest common factor of x and g.
6
Suppose -3*l - 2*l = 2*s + 546, -531 = 5*l - 3*s. Let b = l + 148. What is the highest common factor of 360 and b?
40
Let j(r) = 